-26 - (-148 - -200)?
-24
10 + 25 + (-55 - -57)
37
Calculate 38 + -14 + (-9 - (-9 - 2) - -14).
40
What is the value of -20 + (-5 + 13 - -43)?
31
What is the value of 4 - (-5 + 14) - (7 + -53 + 25 + -19)?
35
What is the value of 1 - 22 - (6 + 4 + -49 + 27)?
-9
Evaluate (-36 + -20 - (-18 - -1)) + 9 + -7.
-37
What is 0 + (6 + (-14 - -5) - -12) + -11 + -27?
-29
What is the value of -268 + 181 + -12 + 14 + 17?
-68
(-20 - -30) + -12 + -24
-26
What is 118 - (-39 - -7 - -90)?
60
Evaluate -25 + -5 - (46 - (44 + 13)).
-19
-55 + 101 - (-8 + (3 + 6 - -13))
32
What is the value of 69 - (36 + -8 + (3 - 13))?
51
Evaluate -7 + (-9 + 7 - -33) - 10.
14
Calculate (1 - ((-3 - (5 + -3)) + 108)) + -26 + 15.
-113
0 - (47 - 4) - (30 + -15 - 11)
-47
What is the value of -11 + -3 - (12 + (15 - 87 - 18))?
64
What is the value of (-72 - -110) + (4 - 23) + -24?
-5
What is 20 - (31 - (25 + 6) - (-1 + -4))?
15
What is the value of -34 + -15 + 40 + -32?
-41
Evaluate 14 - (-12 - -73 - 0 - 29).
-18
Calculate (12 - -83 - -46) + -137.
4
What is the value of 7 + -15 - ((-5 - -29) + (-14 - -1))?
-19
-1 - (6 + -22 + (-2 - 5 - -6))
16
What is (0 - -53 - -7) + (2 + -6 - -1) - -4?
61
20 - (-38 + (11 - (-168 + 19)))
-102
33 - 25 - (-8 - -7) - 25
-16
Evaluate -62 + 68 - (5 + -2 + -5 - (33 - 26)).
15
Calculate 7 + (-69 - (-8 - -4) - (-39 + 31)).
-50
Evaluate 56 + 1 + -10 - (0 + 1 + (-1 - 0)).
47
58 + -23 + (23 - (9 + 8))
41
What is -91 + 26 + -208 + 116?
-157
82 + -15 + -12 + -4 - (3 + 1)
47
Evaluate 4 + 3 - (-2 + (6 - -2)).
1
20 + (667 + -673 - (61 - 0)) + (-2 - -1)
-48
-2 + 1 - (2 + 0) - (141 - 144) - -4
4
What is -28 - 56 - (-78 + 27)?
-33
Calculate (46 - 5) + -15 + (63 - 80).
9
What is the value of -46 + 1 + 509 + -503?
-39
(49 + -32 - 17) + 8 - -29
37
What is 5 + 0 - (-7 - (-11 - (6 + -7))) - 8?
-6
Calculate 91 + (-140 - 186) + 148.
-87
What is the value of 2 + -15 - (7 + 10 + -32 - 5)?
7
Evaluate -38 + 25 + -46 + 18.
-41
What is the value of 58 - (-40 - (28 - 113))?
13
Calculate 52 - (108 + 74) - (5 + -25).
-110
Calculate 27 - (-7 - (-5 + -2) - (-13 - -10) - 0).
24
Calculate (-1 - (-27 - -24) - (16 + -5)) + 91.
82
Calculate 23 - (66 + -25 + -9).
-9
What is 108 + (-4 - 3 - (-35 + 20)) + -14 + -1?
101
What is (-11 - -3) + 38 + 243 + -246?
27
What is the value of 0 + 10 + -14 + -31 - 0?
-35
What is the value of (36 - 6) + (5 - 2 - -4) - 8?
29
-6 + (6 + -21 - (7 + -14)) + 10
-4
What is the value of (-2 - (-2 + 7)) + (-31 + 27 - -5) + 8?
2
What is 20 + 86 + (-6 - 28) + 46?
118
What is (-30 - -13 - -27) + 19?
29
What is the value of 4 + -13 + (4 - 10) + -18?
-33
What is the value of (2 + -2 - 14) + (-1519 - -1525 - (2 - 112))?
102
What is the value of (-113 - (-29 - -55)) + 97?
-42
Calculate -46 - 32 - (-2 + (13 - 5)).
-84
Calculate -88 - -84 - (4 + -3 + 0 + 11).
-16
What is -20 - -63 - (34 - 6)?
15
What is the value of -35 - 15 - (-16 - (-25 + 18))?
-41
Calculate ((-15 - 6) + 43 - 25) + 5.
2
Evaluate 119 - (171 - 157 - ((4 - -4) + (-2 - -6))).
117
What is the value of -30 + -11 - (-12 + (19 - -10))?
-58
What is the value of (-93 - -19) + 61 + -35?
-48
Evaluate (51 - 24) + -46 + (140 - 3).
118
Evaluate (28 - -2) + (-26 - 17) - (-1 + 1 - 29).
16
Evaluate 9 - (-57 + (-13 - (21 + -43)) + (-10 - -5)).
62
95 + -147 + 204 + -39
113
Evaluate 50 - (2 - (10 - 2)) - (0 - -1 - -1).
54
0 - (-31 - (-51 + -27))
-47
Evaluate 7 + 97 - 174 - -165.
95
(7 + 9 - 24) + 8 + 19
19
5 - (44 - (48 - 22) - 7)
-6
What is -25 + (30 - (53 + -19) - (14 + 1))?
-44
Calculate -3589 + 3505 + (-2 - -15 - (4 - 2)) - -5.
-68
Evaluate -17 - ((-5 - 0) + 75 + (-38 - 21)).
-28
Calculate 52 - -1 - (723 - 669) - (2 - 110).
107
4615 - 4659 - (-29 + 1 + 2)
-18
Calculate -99 + 127 + -8 + 4 + -28.
-4
Evaluate (4 + -46 - -57) + (-7 - (-1 + 1)) - 55.
-47
Evaluate (-11 - -31) + -10 - (-3 + -11) - 12 - -20.
32
Calculate 10 + 3 + (-24 - (-6 + 105)).
-110
-121 - -56 - 30 - -160
65
Evaluate 11 + -1 + (-525 - -452).
-63
(6 - 12 - -9) + (-2 - -12) + -5
8
Evaluate 25 + 19 + -25 - (-13 + (-26 - 11)).
69
What is (8 - 8) + (1 - (9 + -13)) + -124?
-119
-15 + 5 + (-2 - -6) + (-4 - (-4 + 33))
-39
Calculate (-206 - -209) + (2 - -1) + 6 + -1.
11
Calculate (1 - (46 - 47)) + (-4 - (-3 - 2)).
3
What is the value of (15 - 11) + 25 + (-45 - -48) + -10 + 1?
23
What is the value of (84 - 4) + -57 + -32 + 0?
-9
What is (-1 + 33 - (-1215 - -1231)) + (-1 - (8 + 2))?
5
What is the value of 165 + -158 - (13 + 1 + -2) - -36?
31
What is (-51 - ((16 - (9 + -6)) + -31)) + (-8 - -1)?
-40
What is the value of -497 + 417 - (-5 - 134)?
59
15 - (5 - 2) - (-3 - -7 - (-5 + -64))
-61
What is the value of 68 + 128 + -164 - (2 - 13)?
43
What is (-3 - -3 - 25) + (6 + 49 + -30 - 34)?
-34
Evaluate 83 + -30 + -59 + 32.
26
15 - (-10 + 8 + 12 + -8) - 29
-16
What is the value of (14 - 6) + 6 - (29 + 6 + 6)?
-27
What is -15 - (810 - 810 - (0 + 12))?
-3
What is the value of -46 + -8 + (-17 + 13 - (-17 + -13 + 26))?
-54
What is 4 + (26 - 27) + 1 + -2 - -14?
16
(-52 - -56) + 6 - (28 + -1)
-17
What is the value of 84 + -38 - 34 - 6?
6
Evaluate 59 + -39 + -47 + 2 - -92.
67
What is 22 + -56 + 56 + -1 + 7 + -7?
21
18 + -35 - (-41 - 3)
27
Evaluate (-1 - 1) + (-83 - 97 - -170).
-12
What is the value of -13 - (2 + -4 + -2 + 1 + 8)?
-18
What is -35 - ((71 - 32) + 5 - 90)?
11
What is the value of 56 + (-83 - 1) - (-42 - -1)?
13
Calculate (-10 - (-12 - 15) - -12) + -10.
19
Evaluate 19 + -46 + (40 - 23) + (-2 - 46) + 0.
-58
What is 76 - ((-6 - -20) + -3 + 15)?
50
What is 4 - ((37 - 28) + -29 - 89)?
113
Evaluate -1 + 35 + -72 - -31 - (0 - -2).
-9
What is the value of -1 + 0 + -1 - (-3875 + 3875)?
-2
Calculate 114 - (-4 + 2 + 3 + -3 + 435 + -425).
106
What is the value of -29 + 24 + ((-1 - 0) + 3 - (-383 + 345))?
35
128 - (-6 - (-319 + 332 - (13 + 1) - -9))
142
Evaluate (-1 + (-20 - -20) - -2) + -6 + -1.
-6
Calculate (-4 - (0 - -1)) + 50 + -8 + -52 - -34.
19
Evaluate (-17 - (-5 - 1) - -12 - -53) + 6 - -7.
67
-20 + -14 - -82 - -1
49
(5 - (137 - 139)) + (1 - 1) + 8
15
56 + 9 - (50 + (-53 - -11))
57
Calculate 11 + (67 - (8 + 32)) - 22.
16
What is 28 + -76 - (262 - 303)?
-7
What is the value of -4 + -9 + 5 + (-9 - (-2 + -9)) - 9?
-15
What is -12 - (-8 + 3) - (15 + -105)?
83
Calculate -1 + 22 + (16 + (-18 - 17) - -11) - -1.
14
Evaluate (4 - (2 - -1)) + (183 - 162).
22
Calculate (23 - (6 - 13)) + 11 + -24 - 30.
-13
Calculate 18049 + -17987 - (-1 - -70).
-7
What is the value of -24 - (-46 + 48 + 21)?
-47
(-137 - (-8 - -6)) + -878 + 898
-115
Evaluate -10 - (4 + (-4 - -8) + -3 + (164 - 101)).
-78
What is the value of 48 + (25 - 44) + 10 + -74?
-35
Calculate 7 + 18 + 1 - 5 - (10 + -19).
30
What is the value of (74 - (40 - 16)) + 36?
86
What is (-63 - -39) + (-7 - -28) - (9 - 7)?
-5
Calculate 31 + -13 + -39 + 54.
33
(21 + -39 + 17 - (-9 + 6)) + 10 + -164
-152
(-24 - -25) + 9 - (-1 - -14) - -4
1
47 + -65 + (21 - -34)
37
What is -77 + 90 + -73 - (-10 - 0)?
-50
Calculate (10 - (12 + (-8 - (5 + -14)))) + -2 + -20.
-25
What is the value of 10 - 118 - (39 - 23) - (7 + -13 + -6)?
-112
Evaluate -30 - (187 + -187) - (0 - 20).
-10
Evaluate 60 - (70 + (17 - 36)).
9
Evaluate -6 + (38 - (-53 - (-2 - 25)) - (-1 + 3)).
56
Evaluate (-35 + 13 - -5 - -26) + -32 + 1 + 3.
-19
Calculate (24 - 112 - (-8 - -5) - -2) + 5.
-78
Calculate -33 + (1 - 2) + 1 + -22 + 164 + -137.
-28
What is 7 - 6 - 3 - (79 + -105)?
24
What is the value of -3 - -6 - (10 - (-13 + 9)) - (10 + 55)?
-76
What is -4 + -28 + 14 + 15 + -1 + -32 + -4?
-40
What is -8 - 9 - 36 - (1 + 4 + -7 - 2)?
-49
Calculate -5 + (44 - 24 - 29) - -8.
-6
93 - (204 + -36) - -22
-53
Evaluate -65 + -101 + 61 + 141.
36
Calculate 58 + 3 + -24 + -21 + 31 - 12.
35
-12 - -2 - (2 - 7 - -30 - (-49 - -36))
-48
What is (24 - (36 - 18)) + 71 - (3 - 11)?
85
What is 0 + 2 - (155 - 79 - 77)?
3
Calculate (737 - 725) + 1 + 22 + 2.
37
Evaluate -2 + 4 + -21 + 60 + -18 + (-35 - 0).
-12
-43 + -8 + 83 - 35
-3
Calculate (36 - -4) + (579 - 608).
11
Calculate -90 - (-76 - -180) - -97.
-97
12 + (-5 + -2 - (16 + (-39 - 3) + 12))
19
Evaluate 37 + (12 + -2 - (-45 - -62)).
30
What is the value of 0 + 9 + (92 + -88 - (-1 - -8) - -50)?
56
Calculate 15 - (2 + 4 - (61 + -13)).
57
Calculate 5 + (4 - 18) + 10 - 12 - -19 - 53.
-45
What is (-23 - 1) + -1389 + 1356?
-57
(15 - 1) + 1 + (-14 + 6 - (-35 - -32))
10
17 - 6 - 